h(k) = -k**2 + 19*k + 78. Let p be h(21). Let v(x) = -2*x**2 + 72*x - 4. Let n be v(p). Determine f(n).
7
Let i be (57 + -24 - 41) + 11. Let t(q) = 8*q - 1. Let p(s) = -8*s. Let v(k) = -5*p(k) - 4*t(k). What is v(i)?
28
Let g(i) = 3*i + 79 + 83 - 245 - 4*i + 91. Suppose 5*c = 2*c. What is g(c)?
8
Let p(r) = 125*r + 13. Let w(b) = 64*b + 7. Let a(t) = 3*p(t) - 5*w(t). Calculate a(0).
4
Let b(j) = 0*j**2 + 3*j**2 + 657 - 5*j**3 + 0*j**2 - 654 - 2*j. What is b(2)?
-29
Let y(t) be the first derivative of t**4/4 - 4*t**3/3 + t**2/2 - 4*t + 157. Suppose d - 5 = -1. Determine y(d).
0
Let p be (-1 - 2)*(3 + 70). Let a = p + 222. Let r(g) = g**3 - 5*g**2 + 5*g - 4. Give r(a).
-7
Let c(u) = -4*u**2 + 153 - 166 + 6*u + 5*u**2. Let n be c(-12). Let q(b) = -6 + 64*b - 122*b + n*b. Calculate q(7).
1
Let y(b) = -b**3 - b**2 - b - 1. Let s(q) = -2*q**3 + 3*q**2 - 3*q. Let w = -105 + 104. Let f(a) = w*y(a) + s(a). Determine f(4).
-7
Let p(z) = z**3 - z + 9*z**3 + 0*z**3 + z**2 - 7*z**3 - 2. Give p(2).
24
Let x(a) = a**3 - a**2 + 2*a - 2. Let q = 3200 + -3199. Determine x(q).
0
Suppose -185*l + 2461 - 117 = 108*l. Let r(z) = -2*z**2 + 19*z - 24. Calculate r(l).
0
Let d = -39 + 27. Let x be 1*d - (0/5 - 2). Let n(y) = y - 2. Give n(x).
-12
Suppose -15 = -12*k + 7*k. Let h(t) = 940 - 2*t**k - 939 + 3*t**3 + 3*t - 5*t**2. What is h(3)?
-8
Let r(s) = 347*s - 275 + 376*s - 687*s. Let a be r(8). Let l(h) = -h**2 + 14*h - 14. Give l(a).
-1
Suppose -73*a - 17462 + 4541 = 0. Let j = 166 + a. Let s(v) = -v**3 - 11*v**2 - 2*v - 14. Determine s(j).
8
Let y(w) = -47*w + 145*w - 4 - 41*w - 47*w. Give y(-3).
-34
Let q(v) be the second derivative of v**3/6 + 2*v**2 - 83*v - 30. Let z be (-2 - (3 + -4)) + -6. Determine q(z).
-3
Let f(n) = 23*n - 82. Let p be f(11). Let x = p + -177. Let z(y) = y**3 + 5*y**2 - 6*y + 8. Calculate z(x).
8
Let s(o) = 488*o + 1002. Let c(j) = 54*j + 113. Let v(k) = -19*c(k) + 2*s(k). What is v(-3)?
7
Let u(k) = -k**2 - 3*k + 273. Let q(x) = -116*x + 9179. Let w be q(79). What is u(w)?
3
Let g(c) be the second derivative of -c**5/20 - 14*c**3/3 - 70*c. Let j(f) be the second derivative of g(f). What is j(2)?
-12
Let x(f) = -f**2 + 7*f + 6. Let o(s) be the third derivative of -s**5/60 - 5*s**4/6 + 13*s**3/3 + 3*s**2 + 16*s. Let y be o(-21). Determine x(y).
16
Suppose 51*n - 63*n = -12. Let x(z) = -13 - n + 7*z - z**2 + 9. Calculate x(8).
-13
Let c(n) = -46*n + 2. Let y(m) = 413*m + 3. Let j(g) = 9*c(g) + y(g). Let u(k) = -k**2 - 4*k - 3. Let d be u(-3). What is j(d)?
21
Let k(g) = 21 + 68*g**3 - 15*g**2 - 69*g**3 + 2*g + 11*g**2. Give k(-3).
6
Let m(h) = 26 + 10 - 35 - h**2 + 21 + 7 - 2*h. Determine m(-9).
-34
Let z(b) = 2*b**2. Suppose 0 = 47*a - 54*a + 28. Suppose a*g + 5*t = 5 + 8, -5*t = g - 7. Determine z(g).
8
Suppose -3*k - 3*t = -849, 0 = 4*k + 3*t - 493 - 644. Let c be k/(-168) - 4/14. Let f(b) = -3*b**2 - 3*b. Give f(c).
-6
Let r(v) = 2*v + 6. Let f be r(-3). Suppose 4*b = 3*b - 6. Let o(u) = -5*u**2 + 6. Let c(a) = -4*a**2 + 6. Let y(i) = b*c(i) + 5*o(i). Determine y(f).
-6
Let f(v) = v**3 + v**2 - v - 1. Let u(y) = 3*y**2 - 2*y - 22. Let p = 4 - 7. Let o(l) = p*f(l) + u(l). Let i(g) be the first derivative of o(g). Give i(-1).
-8
Let c(m) = -m**2 + 18*m - 42. Let i(w) = -8*w**2 - 591*w + 77. Let g be i(-74). Calculate c(g).
3
Let a(g) = 11*g - 2. Let l(k) = -2*k**2 - 5*k + 137. Let w be l(0). Let y = -139 + w. What is a(y)?
-24
Let f(s) = 4*s - s**2 - s**2 - s**3 + 0*s**2. Suppose -2928 = -6*r - 2892. Let z be (-60)/r*(-4)/(-10). Give f(z).
16
Let a(h) = 13*h**3 - 41*h**2 + 29*h + 29. Let g(d) = 3*d**3 - 10*d**2 + 7*d + 7. Let o(u) = 2*a(u) - 9*g(u). Suppose -497*f - 1624 = -729*f. Calculate o(f).
9
Let s(l) = 18*l**3 - 15*l**3 - 2*l**3 - 28*l**2 + 24*l + 44 + 36*l - 10*l. What is s(26)?
-8
Suppose 5*x - 3*x + 3*o = 4, 0 = 5*x + 2*o - 32. Suppose -n - 3*f = 9, 0 = -6*f + x*f + 2. Let v(s) = s**3 + 7*s**2 + 4*s - 3. Give v(n).
9
Let h(w) = 2*w**2 + 4. Suppose -t - 20 = -5*f - 1, 2*t + 3*f + 51 = 0. Let b = t - -17. Let m(n) = 5*n**2 + n + 8. Let k(o) = b*h(o) + 3*m(o). Calculate k(-5).
6
Let c(l) = 3*l**2 - 9*l - 6. Let u(z) = -334*z + 1008. Let r be u(3). Calculate c(r).
48
Suppose -29*g - 83*g + 22*g + 630 = 0. Let j(h) be the third derivative of 0 - 1/60*h**5 + h**2 + 1/4*h**4 + 7/6*h**3 + 0*h. What is j(g)?
0
Suppose -48*h = -418 + 322. Let g(o) be the first derivative of -1/2*o**h + 5 + 3*o. Give g(5).
-2
Let g = 179 + -177. Let z(v) = v + 3*v + 9*v + g - 15*v. Determine z(1).
0
Let j(i) be the first derivative of i**4/4 - 2*i**3 + i**2 - 7*i - 570. Give j(6).
5
Let p(c) = -c**3 - 41*c**2 - 176*c + 130. Let g be p(-36). Let d(o) = -2*o**2 - 28*o - 8. What is d(g)?
-8
Suppose -q = -5*q + 24. Suppose -21 = -3*h - q. Let x(b) = 19*b + 10. Let f(o) = 12*o + 5. Let u(t) = -8*f(t) + 5*x(t). Calculate u(h).
5
Let f(i) be the third derivative of -i**4/24 - i**3 - 769*i**2 + 4. What is f(-15)?
9
Let f(n) = n + 4. Let y be f(0). Let a(s) be the third derivative of 1/4*s**4 - 1/3*s**3 - 1/120*s**6 + 1/20*s**5 + 0*s - 10*s**2 - 26. Calculate a(y).
6
Let d(m) = -29*m**3 - 10*m**2 + 15*m + 1. Let o(u) = 25*u**3 + 10*u**2 - 13*u - 4. Let q(j) = 6*d(j) + 7*o(j). Give q(-10).
-12
Let v(x) = -27*x**2 + 2*x - 2. Let n(o) = -2*o**3 - 13*o**2 + 51*o + 343. Let p be n(-6). Calculate v(p).
-27
Let l = 0 - 3. Let w(d) = -5*d**3 + 43*d**2 + 20*d + 16. Let m(f) = 4*f**3 - 33*f**2 - 15*f - 12. Let n(o) = 9*m(o) + 7*w(o). Give n(l).
-2
Let n = -37493 + 37454. Let l(z) = z**3 + 39*z**2 - 2*z - 82. Give l(n).
-4
Suppose 3*l + 2*x + 7 = 0, x = l - 8 + 2. Suppose -2*f + 14 = 5*f. Let k(z) = 2 + 9*z - f - 24*z. What is k(l)?
-15
Let j(v) = 12*v - 143. Let s be j(11). Let a(i) = 13*i**2 - i - 11. Let d(l) = -24*l**2 + 3*l + 21. Let m(b) = s*a(b) - 6*d(b). Determine m(8).
3
Let p(z) = -82*z + 42. Let q(a) = 44*a - 19. Let h(t) = 6*p(t) + 11*q(t). What is h(6)?
-5
Let n(y) be the second derivative of -y**4/4 + 7*y**3/2 - 7*y**2/2 - y - 10. Let k be n(7). Let v(i) = -2 + 8*i**2 - 1 + 6*i + i**3 + 1. Give v(k).
5
Let i(x) = -2*x**2 + 12*x + 185. Let o(k) = -k**2 - 52*k + 1837. Let d be o(24). Give i(d).
3
Let c(a) = a**2 + 8*a - 382. Let p be c(-24). Let i(b) = -b**3 + 3*b**2 - 4. What is i(p)?
0
Let x(f) = -5*f**2 + 5*f + 4. Let j(i) = -10*i - 338. Let y be j(-34). Give x(y).
-6
Let z be (-4)/(-30) + 2/(-15). Suppose -1 = 3*n - 7. Let x(d) = -n*d - 9*d - 1 + 12*d + d**2. Determine x(z).
-1
Suppose -2*y = 12, -37 + 39 = 2*w - 2*y. Let d(k) = 2*k**2 + 8*k + 18. What is d(w)?
28
Let d(t) = 26*t + 8. Let z(w) = -6*w - 2. Let x = -191 - -193. Let h(b) = x*d(b) + 9*z(b). Give h(-8).
14
Let j(x) be the third derivative of 0*x + 7*x**2 - 1/6*x**3 + 0*x**4 + 1/20*x**5 + 0. Let g(u) = 12*u - 98. Let b be g(8). Determine j(b).
11
Suppose 0 = -3*k + c - 31, 1885*k + 10 = 1883*k - 2*c. Let p(z) = 3*z**2 + 38*z + 106. Calculate p(k).
7
Let o be (-4)/30 + (-665)/75. Let n(z) be the third derivative of -z**6/120 - 3*z**5/20 - z**4/24 - 2*z**3/3 + 6*z**2 + 1. Give n(o).
5
Let s(q) = -6*q**3 - 4*q**2 - 13*q - 12. Let c be s(-1). Let a(b) = -2*b + 4. Determine a(c).
-2
Let b be (-86)/(-8) - (-89)/356. Suppose -r + 23 = b*p - 7*p, -4*r + 3*p = 3. Let m(n) = 2*n**2 + 2*n + 2. Calculate m(r).
26
Let j = -16 - -27. Let l(g) = -37*g + 3. Let o(k) = -8*k + 1. Let y(w) = 9*l(w) - 42*o(w). What is y(j)?
18
Let a(o) = 6 + 4 - 3 + 4*o - 10. Suppose 4*j + 5 + 7 = 0. Let q = -1 - j. Give a(q).
5
Let c = 27486 + -9991. Let y(o) = 3*o**3 + 17495*o - c*o - 2. What is y(-2)?
-26
Let a = 17 + -16. Let o be (10/(-25))/(a/(-5)). Let h(b) = 14*b - 5*b + 2 + b**o - 5*b. Calculate h(-4).
2
Let l(i) = i + 1. Let v(f) be the third derivative of f**4/6 - f**3/6 - 12*f**2 + 2. Let j(s) = 2*l(s) + v(s). Give j(5).
31
Let x(t) = -16*t + t**2 - 2*t - 8*t - t**3 + 22*t - 3. Let o be (2 - -3)*(-2)/(-5). Suppose -o*y - v = 8, v = 3*y + 3*v + 14. Give x(y).
17
Let i(c) = -c**2 - 21*c - 73. Let b be i(-16). Let u(r) = -14 + 2 + 6 - b*r**2 + r**3 + 2. Give u(7).
-4
Let g be -3*(-2)/(-6) + 3. Suppose -11 = -g*r - 1. Let i(u) = -u + 1. Let y(c) = 6*c - 2. Let p(s) = 4*i(s) + y(s). Give p(r).
12
Let h = 9982 + -9999. Let n(t) = 8*t + 43. What is n(h)?
-93
Let b(u) = -2*u**3 + 15*u**2 - 7*u + 2. Let t be b(7). Let j(v) = -5